= -19*k - 0*k + 38399. Calculate the greatest common factor of 43 and k.
43
Let x be (6/(-10))/((-2)/10). Suppose 120 = 4*w - x*i, -3*w - 3*i + 90 = -0*w. Let h = 11644 - 11569. Calculate the highest common divisor of h and w.
15
Let a be (40/3)/((-132)/(-495)). What is the greatest common divisor of a and 10?
10
Let f(o) = -o**3 + 19*o**2 - 2*o + 48. Let h be f(14). What is the highest common divisor of 16 and h?
8
Let a = 3 - 2. Let v(l) = 5*l**2 - 12*l**2 - a - 10*l - l**3 - l. Let k be v(-5). What is the greatest common divisor of 16 and k?
4
Let c(p) = 13*p**2 - 20*p - 72. Let u be c(-12). Calculate the highest common factor of 40 and u.
40
Let v = 13 - 9. What is the highest common divisor of 140 and v?
4
Let m be 13*(-3)/(8 + -9). What is the highest common divisor of 338 and m?
13
Let f = -70 - -562. Calculate the greatest common divisor of f and 60.
12
Suppose 0 = 3*w - 3, 98 = z + 2*w + w. Let g = 135 - z. Calculate the highest common divisor of g and 60.
20
Let d(x) = 3*x**2 - 29*x - 9. Let r be d(12). Let c = -57 + r. Calculate the greatest common factor of 18 and c.
18
Suppose -6*b = 17 - 29. Let w(m) = -m - 1. Let o be w(-2). What is the greatest common divisor of b and o?
1
Let n = -306 - -936. What is the greatest common factor of n and 9?
9
Let z be 21 - (-2)/(-2) - 1. Let g = -4410 - -4562. Calculate the greatest common factor of z and g.
19
Let r = 588 - 181. What is the highest common divisor of 11 and r?
11
Let k = 1 - 1. Suppose 3*n - 270 = -k*n. Let m be 3/6*2 + n. What is the greatest common factor of 13 and m?
13
Suppose 5*n + 4*u = 98 + 266, -n + 71 = -u. Calculate the highest common divisor of 32 and n.
8
Let c be -96*((-6)/(-8))/(33/(-22)). Suppose 27*f + c = 33*f. What is the highest common factor of 104 and f?
8
Suppose 0 = 7*s + 780 - 920. What is the highest common divisor of s and 85?
5
Suppose -60 = -8*p + 188. Suppose -23 = -4*h - n + 18, 2*h - 3*n - p = 0. Calculate the highest common divisor of h and 11.
11
Suppose -156 = 47*n - 60*n. Let r be (16/(-6))/(2/(-6)). Let c = r + n. What is the highest common factor of c and 20?
20
Let j be (36/(-54))/((-4)/30). What is the highest common divisor of 65 and j?
5
Suppose 19*f - 17*f + 2*r - 254 = 0, -f + 3*r = -115. What is the greatest common divisor of 8 and f?
4
Suppose 4*t + 2*z = -10, -10 = 4*z - 6. Let s be 2 + t + (-540)/(-7 - -4). Suppose 3*f = -26 + 86. Calculate the highest common divisor of s and f.
20
Let o = 1506 - 80. Calculate the highest common divisor of o and 62.
62
Suppose 3*r - 2*x = 19, 2*r + 3*x = -r + 9. Let v(m) = r*m + 32 - 6*m + 0*m - 10. Let b be v(0). Calculate the highest common factor of b and 11.
11
Let t = -36 + 39. Suppose 4*y = 3*p - 17 + 45, -t*p = 2*y - 14. What is the highest common divisor of 63 and y?
7
Let p = -20 + 20. Let y be (-1)/12*-4*p. Suppose -4*o + y*o + 133 = b, 2*o + 2*b - 62 = 0. What is the highest common divisor of o and 17?
17
Let b(z) = 13*z - 75. Let g be b(7). Suppose 5*x + 2*v = 112, 2*x = -0*x - 5*v + 28. What is the highest common divisor of g and x?
8
Suppose -2*w - h + 3 = -4, 3*h - 9 = 0. Suppose -4 = w*f, 3*t - 2*f + 56 = 684. Calculate the highest common divisor of 26 and t.
26
Suppose 5*g = -3*y + 25 + 21, -5*y - g = -84. Calculate the greatest common factor of 1088 and y.
17
Suppose 5*h - 2082 + 762 = 0. Suppose -2*o = 3*b + 7, o + 0 = -4*b - 6. Let s be (-15)/b*h/36. Calculate the greatest common divisor of 10 and s.
10
Let x = -120 + 129. What is the greatest common factor of x and 4?
1
Let g(l) = l**2 + 10*l - 138. Let h be g(-21). What is the highest common factor of 248 and h?
31
Let j = -1380 - -1419. Let w(p) = p**2 + p + 1. Let a be w(-2). Calculate the greatest common divisor of a and j.
3
Suppose 5*i = 57 + 38. Calculate the highest common divisor of 133 and i.
19
Let j(w) = -w**2 + 11*w - 14. Let h be j(7). Let g be -3 - (5 + -4 - 158). What is the greatest common divisor of g and h?
14
Let i = 10 - 13. Let o be (i - -20) + (-8)/(-2). Calculate the greatest common factor of 14 and o.
7
Suppose 0 = -13*b + 11*b + 24. What is the greatest common factor of b and 114?
6
Suppose -t + 3*o = 0, 2*t + 8*o - 6*o = 32. Calculate the greatest common divisor of t and 804.
12
Let q be 20/(-6)*27/(-2). Suppose q = 2*h - 65. What is the highest common factor of h and 11?
11
Suppose -2*o = 3*l - 44, -43 = -3*l - 0*o - o. Let n be 6/(42/637)*3*14/21. What is the highest common factor of n and l?
14
Suppose -5*y - 2*v + 920 = -1690, -5*v = -2*y + 1015. Let o be y/7 - 2/7. What is the highest common divisor of 37 and o?
37
Suppose -5*p = -295 - 50. Let o = 55 - 16. Let g = p - o. What is the highest common factor of 6 and g?
6
Let x = 15 + -12. Suppose x*w = -0*w + 105. What is the greatest common factor of w and 5?
5
Suppose f - 6 + 2 = 0. Suppose 0 = 11*z - 67*z - 4*z + 1920. Calculate the greatest common divisor of z and f.
4
Let q = -35 - -18. Let z = q - -22. Suppose 0*y + z*y - 105 = 0. Calculate the highest common factor of 14 and y.
7
Let x = 130 - -59. What is the greatest common divisor of 28 and x?
7
Let g be ((-14)/(-10))/((-3)/45*-3). Suppose 0 = -g*o + 2*o + 200. What is the greatest common factor of o and 8?
8
Suppose 0 = -5*v + 277 + 88. Calculate the greatest common factor of 1241 and v.
73
Let p be 0/18 - -1*3. Suppose -p*d - j + 795 - 234 = 0, 0 = 4*d - j - 748. What is the highest common factor of d and 17?
17
Let g be (-411)/(-12) + (-1)/4. Let i be -9*(-20 + 3)*(2 + 0). Calculate the highest common factor of g and i.
34
Suppose 3*w - 3 = -b + 3*b, -7 = -2*b + w. Calculate the highest common factor of 30 and b.
6
Let t be (-156)/(-30) + (-1)/5. Suppose 2*l - 50 - 11 = -a, -t*l + 2*a = -148. Calculate the highest common factor of l and 30.
30
Let h = -21 - -24. Suppose -3*p = -4*p. Suppose p = -h*f + f + 50. What is the highest common factor of 5 and f?
5
Suppose -4 - 4 = -s. Let w(y) = y**2 + 25*y - 27. Let b be w(-26). Let l be s/2*(b + 2). What is the highest common factor of l and 4?
4
Let x = -124 - -89. Let u = x + 50. What is the highest common factor of u and 105?
15
Let r be (2/(-3))/((-2)/36). Suppose 74*b = 99*b - 2700. What is the highest common factor of b and r?
12
Let l = 6 + 0. Calculate the greatest common divisor of l and 57.
3
Let g(x) = 2*x**2 - 7*x - 97. Let b be g(13). Calculate the highest common divisor of 405 and b.
15
Let y = 297 - 209. Let r be 19 + 7 + -7 + 3. Calculate the greatest common divisor of r and y.
22
Let j = 565 - -73. Calculate the greatest common divisor of j and 29.
29
Let x be 3/5*(368 + -3). Let c = x + 488. Suppose -5*y = -4*o - o + 895, 4*o = y + c. What is the greatest common divisor of 16 and o?
16
Let k(i) = 6*i - 4. Let o be k(4). Suppose -p - u + 1 = 0, 63*p - 61*p - 26 = 4*u. What is the highest common factor of o and p?
5
Let s(w) = w + 3. Let b be (-1*1)/(-4 - -3). Let l be s(b). What is the highest common factor of l and 20?
4
Let t(k) = -3*k**2 - 10*k - 19. Let h be t(-9). Let p be 1588/18 - (h/36 + 5). What is the highest common factor of 8 and p?
8
Let o be -2*3/(-12)*12. Let t(r) = -r + 1. Let a(b) = -3*b + 6. Let h(f) = -2*a(f) + 10*t(f). Let c be h(-5). Calculate the highest common divisor of o and c.
6
Suppose 38 - 102 = -4*i. Suppose 0 = -3*u - 6, 3*u + i = y + y. Suppose 5*z + 114 = 4*q - 74, -z = y*q - 264. Calculate the greatest common divisor of 78 and q.
26
Suppose -28*o + 3257 = -1615. What is the greatest common factor of 58 and o?
58
Let l(p) = -p**3 + 21 + 5 + 22*p**2 + 22*p + 25. Let n be l(23). Calculate the greatest common divisor of n and 14.
14
Let z be (-9 - -139)*2/5. What is the highest common factor of 208 and z?
52
Suppose -2*l = -l - 250. Suppose -l = -5*u - 5*v, 89 + 61 = 3*u - 4*v. What is the highest common divisor of u and 20?
10
Let j(n) = -18*n - 23. Suppose 5 + 19 = -4*s. Let b be j(s). What is the greatest common factor of 17 and b?
17
Let j = 18 + -27. Let l be (3/(-2))/(j/468). What is the greatest common factor of 195 and l?
39
Suppose -2*d + 22 = 4*q, 47 = 4*q - 5*d + 2*d. Let l(p) = -43*p + 2. Let y be l(-2). Let a = y + q. What is the greatest common factor of a and 16?
16
Let o = 7 + 1. Let v = 169 + -113. What is the highest common factor of v and o?
8
Let g = -292 + 294. What is th